?
2
What is the ten thousands digit of 103632?
0
What is the thousands digit of 19884603?
4
What is the tens digit of 4668895?
9
What is the hundred thousands digit of 3162370?
1
What is the units digit of 61533?
3
What is the thousands digit of 74914?
4
What is the tens digit of 826728?
2
What is the tens digit of 60864?
6
What is the thousands digit of 3451?
3
What is the hundreds digit of 14909330?
3
What is the millions digit of 3003606?
3
What is the units digit of 445624?
4
What is the ten thousands digit of 1062783?
6
What is the hundred thousands digit of 212603?
2
What is the hundreds digit of 6203944?
9
What is the millions digit of 1381983?
1
What is the units digit of 12810629?
9
What is the tens digit of 19836723?
2
What is the hundred thousands digit of 7335809?
3
What is the thousands digit of 20632?
0
What is the ten thousands digit of 639462?
3
What is the hundred thousands digit of 119147?
1
What is the hundreds digit of 12113722?
7
What is the ten thousands digit of 63157?
6
What is the ten millions digit of 27685207?
2
What is the ten thousands digit of 35489?
3
What is the hundreds digit of 5905583?
5
What is the hundred thousands digit of 1521743?
5
What is the hundreds digit of 1499963?
9
What is the ten thousands digit of 159129?
5
What is the ten millions digit of 19044377?
1
What is the millions digit of 1395396?
1
What is the ten thousands digit of 7688371?
8
What is the millions digit of 3279587?
3
What is the ten thousands digit of 240416?
4
What is the hundred thousands digit of 157670?
1
What is the ten thousands digit of 895604?
9
What is the hundreds digit of 123560?
5
What is the thousands digit of 4167382?
7
What is the millions digit of 1262961?
1
What is the millions digit of 5627436?
5
What is the units digit of 176387?
7
What is the tens digit of 33276?
7
What is the hundred thousands digit of 3300794?
3
What is the ten thousands digit of 4789115?
8
What is the thousands digit of 1045285?
5
What is the hundred thousands digit of 526440?
5
What is the units digit of 2288363?
3
What is the hundreds digit of 1416164?
1
What is the thousands digit of 419768?
9
What is the tens digit of 51116?
1
What is the hundred thousands digit of 130242?
1
What is the millions digit of 1329908?
1
What is the tens digit of 4663091?
9
What is the ten thousands digit of 6963704?
6
What is the hundreds digit of 897788?
7
What is the hundreds digit of 278679?
6
What is the tens digit of 5756574?
7
What is the ten thousands digit of 16775393?
7
What is the ten thousands digit of 207204?
0
What is the ten thousands digit of 2580676?
8
What is the millions digit of 8746300?
8
What is the hundreds digit of 110159?
1
What is the thousands digit of 1157356?
7
What is the hundred thousands digit of 287864?
2
What is the hundred thousands digit of 16096099?
0
What is the hundred thousands digit of 13044473?
0
What is the units digit of 38775?
5
What is the units digit of 8526510?
0
What is the hundreds digit of 83538?
5
What is the thousands digit of 2740059?
0
What is the tens digit of 7773590?
9
What is the units digit of 2893052?
2
What is the hundred thousands digit of 5040352?
0
What is the millions digit of 8814598?
8
What is the ten thousands digit of 37650?
3
What is the millions digit of 1466409?
1
What is the thousands digit of 8101725?
1
What is the tens digit of 238024?
2
What is the hundred thousands digit of 8462119?
4
What is the units digit of 540568?
8
What is the hundred thousands digit of 1395788?
3
What is the units digit of 1465041?
1
What is the ten thousands digit of 857959?
5
What is the units digit of 1051797?
7
What is the thousands digit of 5984708?
4
What is the millions digit of 4325538?
4
What is the units digit of 1233529?
9
What is the hundreds digit of 406870?
8
What is the hundreds digit of 2247693?
6
What is the units digit of 3343044?
4
What is the hundreds digit of 11963328?
3
What is the units digit of 16899079?
9
What is the ten thousands digit of 1355869?
5
What is the units digit of 974842?
2
What is the ten thousands digit of 127673?
2
What is the hundred thousands digit of 560884?
5
What is the thousands digit of 4390643?
0
What is the hundred thousands digit of 8335117?
3
What is the hundred thousands digit of 367597?
3
What is the ten thousands digit of 144389?
4
What is the tens digit of 4745177?
7
What is the hundred thousands digit of 502614?
5
What is the millions digit of 10967458?
0
What is the hundreds digit of 1222611?
6
What is the thousands digit of 350061?
0
What is the units digit of 21300?
0
What is the tens digit of 75325?
2
What is the tens digit of 245116?
1
What is the tens digit of 1965570?
7
What is the ten millions digit of 31167842?
3
What is the thousands digit of 154320?
4
What is the hundreds digit of 4288040?
0
What is the thousands digit of 446294?
6
What is the ten thousands digit of 183787?
8
What is the hundreds digit of 101407?
4
What is the tens digit of 2832112?
1
What is the hundreds digit of 907684?
6
What is the millions digit of 5683802?
5
What is the tens digit of 831630?
3
What is the tens digit of 10516139?
3
What is the thousands digit of 251545?
1
What is the units digit of 1603740?
0
What is the tens digit of 190?
9
What is the tens digit of 1076487?
8
What is the thousands digit of 11878733?
8
What is the units digit of 15909755?
5
What is the ten millions digit of 12153662?
1
What is the ten thousands digit of 1038115?
3
What is the ten thousands digit of 8795696?
9
What is the hundreds digit of 606727?
7
What is the ten thousands digit of 5582054?
8
What is the ten thousands digit of 102444?
0
What is the tens digit of 706579?
7
What is the thousands digit of 665926?
5
What is the millions digit of 4863565?
4
What is the thousands digit of 249117?
9
What is the millions digit of 9812219?
9
What is the hundred thousands digit of 188479?
1
What is the units digit of 2037794?
4
What is the hundreds digit of 19550638?
6
What is the hundred thousands digit of 1777838?
7
What is the units digit of 9438050?
0
What is the thousands digit of 1217415?
7
What is the millions digit of 2469968?
2
What is the hundred thousands digit of 211862?
2
What is the hundred thousands digit of 297230?
2
What is the hundreds digit of 463127?
1
What is the tens digit of 1378658?
5
What is the thousands digit of 85655?
5
What is the ten thousands digit of 1139679?
3
What is the units digit of 79355?
5
What is the hundreds digit of 168833?
8
What is the hundred thousands digit of 31979679?
9
What is the millions digit of 1041963?
1
What is the thousands digit of 4691263?
1
What is the ten millions digit of 20214466?
2
What is the ten thousands digit of 98490?
9
What is the hundred thousands digit of 134554?
1
What is the millions digit of 8249720?
8
What is the hundred thousands digit of 1742863?
7
What is the ten thousands digit of 1245295?
4
What is the thousands digit of 471858?
1
What is the tens digit of 78623?
2
What is the ten thousands digit of 2932401?
3
What is the hundreds digit of 4389315?
3
What is the ten thousands digit of 427720?
2
What is the units digit of 13388268?
8
What is the units digit of 156192?
2
What is the ten thousands digit of 20445002?
4
What is the millions digit of 3976614?
3
What is the hundred thousands digit of 113944?
1
What is the thousands digit of 927957?
7
What is the ten thousands digit of 1084885?
8
What is the millions digit of 19851122?
9
What is the hundred thousands digit of 10083233?
0
What is the hundred thousands digit of 6755966?
7
What is the tens digit of 256674?
7
What is the ten thousands digit of 2677423?
7
What is the tens digit of 2187367?
6
What is the tens digit of 46885?
8
What is the hundreds digit of 7208821?
8
What is the ten thousands digit of 11156?
1
What is the millions digit of 8707668?
8
What is the hundred thousands digit of 308286?
3
What is the thousands digit of 1320028?
0
What is the millions digit of 14817029?
4
What is the tens digit of 1406003?
0
What is the ten thousands digit of 611533?
1
What is the hundreds digit of 3061603?
6
What is the hundred thousands digit of 20278595?
2
What is the tens digit of 855530?
3
What is the units digit of 54184?
4
What is the thousands digit of 227858?
7
W